48) - 10.
26
Calculate 7 - 22 - -4 - (250 - 259 - (-1 + 80)).
77
-16 - (32 + -44) - (5 - 106 - 5)
102
Evaluate 16 + -11 + 19 + -26 + 1.
-1
What is the value of (590 - 446) + -8 + -111?
25
What is the value of -2 + (-39 + 5 - -18) + -23?
-41
What is -1 + 15 + -7 + 7 - (125 + -68)?
-43
What is the value of 28 + -2 + -29 + 41 + -54?
-16
What is the value of -107 - (8 + -3) - (106 - 109)?
-109
Evaluate 10 - (-48 + (-11 + -1 + 9 - -16)).
45
Evaluate -17 - ((-4 - ((15 - 7) + -2)) + (-3 - -13)).
-17
What is the value of (17 - (17 + 23 + 2)) + -14?
-39
What is 5 + -2 + 1 - (103 + -99) - (-2 - -59)?
-57
Calculate 1372 + -1411 + (-9 - (-1 + 1)).
-48
What is (-138 + 82 - -93) + 63?
100
Calculate (3 + 0 + 81 + -72 + -3 - -5) + -110.
-96
Evaluate -1 + 57 - (-693 + 707).
42
Calculate -62 - ((-175 - -29) + 87).
-3
What is -5 + (77 + -12 + -16 - (2 + 8))?
34
124 + (20 - 154) + -1 + 0 + -29
-40
What is -1 + -28 + -15 + (11 - 12)?
-45
Evaluate -21 + ((28 - 6) + -9 - 24).
-32
Evaluate -24 + (-20 - (-65 + 47)).
-26
What is (-58 - -12) + (1 - 0) + 121 + -105?
-29
-174 + 224 - 25 - (-2 - -64)
-37
Evaluate 1 + -32 + (16 - (15 - 6) - (-2 + 9)).
-31
Evaluate 17 - (-7 - (-103 + (8 - (0 + -5)))).
-66
Calculate -32 - -2 - (9 - 12 - -12 - 9).
-30
Calculate -43 + (98 - -23) + -37.
41
What is the value of -120 - (22 + 1 - 206)?
63
What is 1 - 9 - (-74 + -57 + 198)?
-75
Calculate -3 + (-2 - (-25 - -3) - 4) + 833 + -845.
1
Calculate -3 + 3 + (-3 - (2 + -72 + 15)).
52
What is the value of 23 - 28 - 37 - (35 + -39)?
-38
What is -74 + -45 + -2 + 72?
-49
What is 2 - 0 - (18 + -6) - ((-11 - 11) + -10)?
22
What is (29 - -2) + (2 - -1) + -5 + -16?
13
Calculate 6 + 1 + -38 - (-3 + 5).
-33
Calculate 53 + (9 + -28 - 22).
12
What is -11 + 32 + 14 - 8 - (-6 - 1)?
34
Calculate -79 - (17 + -3 - 82).
-11
Evaluate 24 + -7 + (-49 - 20 - -16) + 2.
-34
What is the value of (70 - -2) + (-14 - 17) - 181?
-140
-35 + (-34 - 17) + 23
-63
Calculate -50 + -19 + 8 - -37.
-24
Calculate -62 + (-24 + (30 - -11) - (-6 - -23)).
-62
-21 - (-86 + 57 + -14)
22
Evaluate 323 + -287 - (-1 - (8 - (1 + (4 - 0)))).
40
Calculate (36 - (4 - (5 - -3))) + -74 + 85.
51
42 + 1 + 0 - (556 - 549)
36
Calculate (4 - (-1 - -1)) + 7 + -216 + 299.
94
Calculate -4 + 0 + -4 + -2 + 11 + -11 + 12.
2
What is 14 + -5 + -16 + 2 + 5 + 12 + -8?
4
(-18 - 1) + 11 - (4 + -13 - -2) - -48
47
What is the value of (8 - (7 + -7)) + 8 - ((8 - 2) + 9)?
1
What is -27 - (6 + -14 + 10 + -13) - -90?
74
What is 319 + -485 + 160 - (-7 - 1 - -1)?
1
Evaluate 197 + -132 + (12 + -10 - (-4 + 3 + 11)).
57
What is -63 + (-48 - -38) + -2 + 36?
-39
What is the value of -19 + (11 - 3) - (-46 + (3 - 2))?
34
Calculate -32 + 5 + -9 + (-7 - -7) + 0.
-36
Calculate (0 - (-5 + 1)) + 98 + 20 + -155.
-33
What is 36 - (39 - 41) - -66 - -9?
113
What is (20 - (13 - 8)) + 300 + -261?
54
What is 5 + (-2 - -2) + (-4 - (-13 + 10 - 1))?
5
8 - (3 + (-2 - -2)) - ((-48 - -77) + -33)
9
What is the value of (14 - -1 - 3) + -1366 + 1458?
104
What is (18 - 11) + 0 + (-43 + 4 + 3 - -4)?
-25
What is -1 + (50 - (2 - 1)) + (-5 - (-47 - -32))?
58
38 + (13 - (-1 + 41 + -225 + 211))
25
What is 55 + -2 - (-587 + 654)?
-14
(16 - -1) + (-1 - -1 - -40) + -10
47
-15 + (-23 - (0 + -56))
18
Calculate (2 + 21 + -44 - -10) + 28.
17
Evaluate (-11 + 3 + 16 - -13) + -5 + 9.
25
Evaluate -45 - -44 - (1 + 18 + (-11 - 2)).
-7
Evaluate 112 + -247 + 131 + -90.
-94
Calculate -126 + (404 - -6) + -152.
132
What is the value of -40 + 2 - (-5 + -12 + 4) - -13?
-12
What is -19 + 65 + -93 + 49?
2
64 + -62 + -65 - -7
-56
Evaluate 125 - (0 - -24 - 5 - (-89 + 85)).
102
13 - (2 + 8 + (-67 - -29) + 42)
-1
What is 45 + -15 - (67 - 47)?
10
-20 + -1 + 56 + 4 + -3
36
Evaluate -88 + (-136 - -98) + 7.
-119
What is the value of -79 + 29 - (-1 + (-3 - -3) - (-3 + -3))?
-55
Calculate 37 + (0 - 4) + 3 + -22 + -13 + 33.
34
What is the value of 107 + (-28 - 73) + -15 + -1?
-10
88 + -53 + 5 + -71 + (12 - (1 + 0))
-20
What is -1 + (-16 - (-5 - -4)) - (23 + (-43 - -21))?
-17
What is -3 + -17 + (-3 - (-7 - -14 - 6))?
-24
-35 + -18 + 89 + -40
-4
Calculate 30 + 1 + 26 - 32 - -46.
71
What is the value of (-8 - -1) + (46 - -13) + (15 - 24)?
43
Evaluate 2 - (-342 + 337 - (-2 - -20)).
25
6 - (109 + -19 + (0 - -24)) - -6
-102
Calculate 48 + 158 + -255 + (3 - 75).
-121
-86 + (3 - 0) - (10276 - 10243)
-116
What is the value of 2 - (-2 + 29) - (23 + (-4 + -25 - -6))?
-25
Evaluate 14 + -3 + 0 + (54 + -83 - (-17 - 60)).
59
Calculate 4 + (-4 + 15 + -22 - 17).
-24
(26 - 82) + 60 + -66
-62
What is the value of 39 - (89 + 42) - (7 - -21)?
-120
What is the value of -1267 - -1219 - (-1 - 17)?
-30
Evaluate (27 - ((26 - 1) + -21)) + 15.
38
Evaluate -10 + -7 + 1 + (-13 - (-15 + -33)).
19
Evaluate 31 + (54 + -90 - -23 - (-8 + -3)).
29
What is (763 + -743 - (-1 + 1)) + -120?
-100
(-9 - (12 + -42)) + -6 + 3 + 118
136
(50 - 40) + 10 + 4 + -14
10
What is (3 - ((-2 + -4 - -16) + 2)) + -5?
-14
What is the value of -12 + (-10 + 13 + 1 - 20) + 13?
-15
Evaluate 16 - (-82 - (-216 + 122) - (-43 - 1)).
-40
What is (16 - (44 + (19 - 4))) + (-1 + -5 - 1)?
-50
What is -130 + 54 + (-77 - -72)?
-81
-14 - (-78 - -8) - 7
49
What is 54 + (6 + -62 - 35)?
-37
Calculate (15220 - 15206) + (-1 - (0 + 0 - -12)).
1
-355 - -376 - (129 - 1) - (7 + -8 - -6)
-112
Calculate 10 + -20 + 12 + (24 - 11).
15
What is the value of -8 + -19 + (-24 + 22 - -28)?
-1
What is 14 + ((0 - 17) + -62 - -18)?
-47
What is 10 + 4 + -9 + (-152 - -228)?
81
What is 3 - 4 - -2 - (-15 - (15 + (6 - 12)))?
25
What is -108 + 111 + 5 + 12 + -5?
15
125 + -19 - (420 + -440)
126
What is the value of 22 + (1 - 12) - (35 - (2 - (-1 + -4)))?
-17
What is the value of (19 - 1) + -31 + -6 - -58?
39
Calculate (2 - -19 - 0) + -1 - (-726 + 724).
22
2 - -12 - (-20 + -54 + 90)
-2
Evaluate -6 - (-222 - (44 + -135)).
125
Calculate 17 + -2 + 0 + -4 + (17 - (66 + -56)).
18
Calculate (-34 - -5 - (-56 + 21)) + -4 + 66.
68
Evaluate -25 - (7 + 10 + -35).
-7
What is -99 - ((-7 - 46) + -62)?
16
Evaluate -7 - (-23 + 25 + (1 - 23) + -4 + 2).
15
What is 305 - (-71 + 270) - (-10 + -2)?
118
Calculate -24 - 1 - (-53 - -56) - -28.
0
What is the value of -45 - (-155 + 5 + -29 + -1)?
135
What is (-1 - (-7 + 1)) + (-59 - -37)?
-17
Evaluate (-338 - -356) + -81 + 2 - (-5 + -3 + 16).
-69
What is the value of (7 - -13 - 25) + -35?
-40
What is -84 + 21 + -152 + 220 + -115 + (0 - 2)?
-112
-12 + (2 - -9) + (-116 - -116)
-1
What is -40 - (-39 + 53 - (13 + 9 + -7))?
-39
Evaluate 67 - 90 - (26 + -81).
32
(42 - 16) + -30 + 25 + -12
9
Evaluate 78 - (62 + -8 + 10).
14
Evaluate -22 - 30 - 23 - -93.
18
112 + 51 + -159 + 1 + -109 + (0 - -6)
-98
Calculate -5 + 1 + (125 - 76) - (7 + -5 - 4).
47
What is the value of (19 + -11 - 8) + -13 + 12 + -11?
-12
What is (1 - 2 - -49 - (-65 - (-82 + 21))) + -6?
46
Evaluate 16 - 3 - (-172 - -159 - (1 + -56)).
-29
What is (58 - 77) + (-16 - -61) - (-2 + 12)?
16
Evaluate (-95 - 178) + 331 + (-25 - 1).
32
What is the value of -12 - (-58 + (13 - -4) + -4 + (11 - -6))?
16
20 + (-18 - -13) + -4 - (-32 - (4 + 2))
49
Evaluate -4 + 43 - (-46 + (-28 - -64)).
49
What is the value of 54 - (90 - 19) - 102?
-119
What is the value of -55 + 33 - -45 - (-4 + 41)?
-14
Calculate (104 - 6) + 6 - (10 - (11 - 27 - -16)).
94
Calculate -13 + 11 + (8 + -4 - -13 - -7).
22
What is -4 + 5 - (5 + -3 + (-88 - -99))?
-12
12 + -23 - -6 - (3 - 11 - (-50 + 9))
-38
Calculate (-15 - (-6 - 21)) + -39 - 7.
-34
What is -10 - (-36 + 13 + -5 + 9)?
9
Calculate (58 - -1) + 61 + -63 + 13 + 9.
79
Evaluate (23 - 51) + -31 + 25.
-34
40 + -5 - (142 + -116)
9
Calculate -17 + 7 + -41 + 6 + -35.
-80
-30 - (-69 + 28 - -24 - -30)
-43
Calculate (-39 + 13 + -14 - 74) + 17.
-97
42 + -46 - -27 - 1 - (-2 - (2 + -2))
24
Calculate 11 + (14 - 19) + (0 - (29 - -1)).
-24
90 + -25 + 43 + -14 - (20 + -2)
76
(8 - (-7 + 8)) + -11 + 25 + -5
16
Calculate 0 + -19 + -6 + -9 + (-1 - 9).
-44
What is the value of (7 - (-7 - -16)) + 17 - (-94 + 151)?
-42
What is 12 - ((0 - 2) + 0) - (-5256 + 5243)?
27
Calculate 2242 - 2297 - (-3 - 13).
-39
(0 - (1 + 104)) + (-10734 - -10769)
-70
-27 - (-14 - -24 - (-2 - (-1 + 2)))
-40
Calculate 1913 + -1964 - (-1 - 60).
10
0 - (13 - 14) - (-8 + -4) - -25
38
What is (-92 - -39) + -20 - -52?
-21
What is the value of 24 - (-14 + 81) - (-17 + 1)?
-27
What is the value of (